 common factor of 8769 and k?
111
Suppose 33 - 33 = b. Suppose b = -5*p + 13 + 82. Suppose 6*s = 5*s + 2*f + p, 0 = -4*s - f + 58. Calculate the greatest common factor of 75 and s.
15
Let u(w) = -2*w**3 - 212*w**2 - 56*w + 918. Let d be u(-106). What is the highest common divisor of d and 138?
46
Suppose 940085 = 554*s - 1141293. What is the greatest common factor of 13 and s?
13
Let h(b) = 308*b**2 - 8*b + 6. Let d be h(3). Calculate the greatest common factor of 81 and d.
81
Let d = 498 - 325. Let s = d + -129. Calculate the greatest common factor of 4 and s.
4
Suppose -3*w + w = b - 2, -4*w = -5*b - 46. Let h = 2 - b. Suppose h = -2*p + 3*p. Calculate the highest common factor of p and 4.
4
Suppose -1973 - 1587 = 10*d. Let r = d + 532. Calculate the highest common divisor of r and 22.
22
Suppose -38*g = -46*g + 2256. Let r = -264 + g. Calculate the highest common factor of 27 and r.
9
Let c(f) = 55*f + 352. Let j be c(-6). Suppose z + 4*y = -3*z + 44, j = 2*z + 3*y. Let a = 223 - 135. What is the highest common factor of a and z?
11
Let c be (-6)/39 + (1 - (-236)/13). Let n(r) = r**2 - 18*r + 46. Let w be n(c). Let v be (-1)/(81/(-39) - -2). Calculate the highest common divisor of v and w.
13
Suppose 3*l - 3 + 30 = 3*q, -4*q - 3*l + 22 = 0. Suppose -q*j + 15*j = 6360. Calculate the greatest common factor of j and 53.
53
Let d = -6224 - -6249. What is the highest common divisor of d and 395?
5
Let n = -899 - -6123. What is the greatest common factor of 16 and n?
8
Suppose -m - t = 1, -3*m - 4*t - 3 - 1 = 0. Suppose -4*y + 5*k + 291 = -246, y - 2*k - 132 = m. What is the greatest common divisor of 69 and y?
69
Let a(o) = -2*o + 18. Let j be a(-10). Suppose 0 = 2*y - 28 - j. What is the highest common divisor of y and 33?
33
Let x be (-399)/665*(2 + 1)*80/(-6). Calculate the greatest common divisor of 464 and x.
8
Let r = 5 - 6. Let n be 1/(r - (2 - 2)) - -79. Suppose -3*j = -6*j + n. Calculate the greatest common divisor of j and 26.
26
Suppose 14*q = 420 - 140. Suppose -10*h = -6*h - 16. Calculate the highest common divisor of q and h.
4
Let m = 29 + 51. Let q be 5/(125/m)*35. Calculate the greatest common divisor of 14 and q.
14
Let r(i) = -i**3 + 2*i**2 - 2*i + 6. Let h be r(2). Suppose -2 = h*j - 0*j, 0 = -z - j + 363. What is the greatest common divisor of z and 28?
28
Let k be (-4074)/(-20) + 114/380. Calculate the greatest common factor of 1275 and k.
51
Let f be (-2)/9 - (-1518)/27. Suppose t - 2*t = 2*g - 2, 0 = 2*t + 4. Let m(p) = 38*p + 8. Let w be m(g). Calculate the highest common factor of f and w.
28
Let v(f) = 98*f + 1349. Let q be v(-13). Calculate the highest common divisor of 9375 and q.
75
Suppose -5800*q - 4080 = -5820*q. What is the greatest common divisor of 867 and q?
51
Let v(q) = -126*q + 467. Let r(a) = 127*a - 474. Let n(t) = -2*r(t) - 3*v(t). Let o be n(9). What is the greatest common divisor of o and 17?
17
Let k be 1522/(-8) + (-7)/(-28). Let t = -150 - k. Calculate the highest common factor of t and 120.
40
Let t = -28 + 53. Suppose -4*v = -3*u - t - 24, -36 = -v - 4*u. Let l = -103 - -115. Calculate the highest common factor of v and l.
4
Let t(l) = l**3 + 24*l**2 + 91*l - 137. Let u be t(-17). What is the greatest common divisor of u and 6?
3
Let a be (-3 + -2)*(-4)/10. Let c be 1*(-2 + 444)/a. What is the highest common divisor of 26 and c?
13
Let q be ((-1431)/(-53))/((3/(-2))/(-3)). Let k be 3*3/q + 1309/66. Suppose 7*z = 9*z - k. Calculate the greatest common divisor of 15 and z.
5
Let y(j) = -j**2 - 3*j + 5. Let o be y(9). Let s = o + 115. Calculate the greatest common factor of s and 12.
12
Suppose 3*f + 4 = m - 3, 5*f + 25 = 5*m. Suppose 142 = -m*h + 5*h + 3*i, i = -3*h + 458. What is the greatest common factor of 77 and h?
77
Suppose -2*m = -28 + 4. Suppose -m*y + 16*y - 52 = 0. What is the greatest common factor of y and 2?
1
Suppose -332*a - 60480 = -346*a. Calculate the highest common divisor of a and 32.
32
Suppose u = -8*d + 11*d + 359, 1095 = 3*u - 3*d. Calculate the greatest common divisor of u and 230.
46
Suppose 0 = -202*u + 53428 + 54036. What is the highest common divisor of u and 1292?
76
Let v(j) = -2*j**2 - 77*j + 500. Let z be v(0). Calculate the greatest common factor of z and 60.
20
Let o be (3 - 1)/(-8 + 31510/3940). Let f = o + 796. What is the greatest common divisor of f and 80?
8
Let a = -5574 + 12698. Calculate the greatest common factor of 13 and a.
13
Let t = -4171 - -4181. Suppose -4*l - 4*k = -140, -5*k = l - 34 - 1. Calculate the highest common factor of t and l.
5
Suppose -r - 5*g + 2*g = 0, -3*r = 3*g - 24. Let i be (5 - 315/(-20)) + 3/r. What is the greatest common divisor of 84 and i?
21
Suppose 0 = 29*o - 92 - 111. Let m(f) = -f**3 + f**2 - f + 70. Let z(d) = d - 2. Let v be z(2). Let c be m(v). What is the greatest common factor of c and o?
7
Let z be 96/(-64) + (-10)/(-4) + 12/4. What is the highest common divisor of 328 and z?
4
Suppose -g = 3*g - 64. Let s(h) = 5*h + 5. Let q be s(g). Suppose -q*z - 20 = -87*z. What is the greatest common factor of 20 and z?
10
Let r be -1*36/((-2)/(4/3)). Suppose 23*y = r*y - 51. Calculate the greatest common factor of 119 and y.
17
Let v = -475 + 479. Suppose -4*j + 284 = -13*o + 8*o, -v*j + 272 = -2*o. What is the greatest common factor of 231 and j?
33
Suppose m + 70*z = 58*z + 15981, -2*z = 5*m - 79441. What is the highest common divisor of m and 45?
45
Let t(b) = b**3 - 15*b**2 + b - 16. Let s be t(15). Let g(y) = -31*y**3 + 2*y**2 - y - 1. Let c be g(s). Calculate the greatest common factor of 99 and c.
33
Suppose -h - 6*h + 56 = 0. Suppose -3*m - 2 - h = 4*n, 0 = -3*m + 5*n - 1. Let s be m/17 - 11456/(-272). What is the highest common divisor of 56 and s?
14
Suppose -355 = -4*h + 2*a + 1, 269 = 3*h - 2*a. Let w(o) = 34*o - 345. Let j be w(11). Calculate the greatest common factor of h and j.
29
Let y be (4 - (209 + 5))/((-68)/170). Calculate the greatest common divisor of 705 and y.
15
Suppose 35*w = 36*w + 5*h + 6, 4*w - 8 = -4*h. Let j = -28 - -32. Calculate the highest common factor of j and w.
4
Let p(v) = -6*v**2 + 26*v + 70. Let i(q) = 5*q**2 - 24*q - 71. Let o(b) = 5*i(b) + 4*p(b). Let r be o(-5). What is the greatest common factor of r and 10?
10
Let n = -227 - -230. Suppose -n*g + 34 = -17. What is the greatest common divisor of 85 and g?
17
Let a(b) = -2*b**2 + 53*b + 583. Let x be a(34). What is the greatest common factor of 16571 and x?
73
Suppose 864*b = 437*b + 431*b - 220. Suppose -14 + 124 = w. Calculate the greatest common factor of w and b.
55
Let r(x) = 27*x**3 + 3*x**2 + 120*x - 2. Let o be r(11). Calculate the greatest common divisor of o and 14.
14
Let j be (1 - -124) + (39 - 42) + -6. What is the highest common divisor of j and 551?
29
Let d(y) = 54*y - 4. Let g be d(3). Let a = 286 - g. Suppose 2*n + 6*n = a. What is the highest common factor of n and 32?
16
Suppose 4*m - 169 = 427. Let i = 253 - m. Let c be (-10)/(-1)*1 - (-27)/9. What is the greatest common factor of i and c?
13
Suppose 3*k - x = 194, -109*k + 114*k - 320 = 5*x. Let m be 26/(2 + 0)*4. Suppose -5*q + m = -78. Calculate the highest common factor of q and k.
13
Suppose -m + 3 = 4*c - 4, 2*m - 23 = -5*c. Suppose 2*f + 4*v + 5 - 47 = 0, f - 3*v - 16 = 0. What is the highest common divisor of m and f?
19
Let q(n) = n**3 - 10*n**2 + 12*n + 5. Let b be q(9). Let h = b - -80. Calculate the highest common factor of h and 128.
16
Let c(z) = -3*z + 18. Let t be c(4). Let o be (-6)/21 + (-57)/21. Let m be o/(-5) + (-654)/(-10). Calculate the greatest common factor of t and m.
6
Suppose 3*i = -4*f + 157 - 19, 0 = -6*i - 12. Let b = 71 + 100. Calculate the highest common factor of b and f.
9
Suppose -i - 1047 = -5*u, 5*u - 946 = -3*i + 93. Calculate the highest common factor of 49324 and u.
209
Let f = -107063 + 108374. Let z = -15 - -72. What is the greatest common divisor of z and f?
57
Suppose -5*y = 5*v + 20 + 10, -3*y - 27 = 4*v. Let f be (0 - -128)/(21/v + 3). Suppose -2 = -2*r + 46. Calculate the highest common divisor of r and f.
24
Suppose 91 = -9*i - 296. Let x = i - -58. Let l be ((-20)/x)/(4/(-42)). Calculate the greatest common divisor of 28 and l.
14
Let l(s) = -10*s**3 + 2*s**2 - 33*s + 9. Let f be l(-6). What is the highest c